{"id":202,"date":"2020-02-03T20:53:59","date_gmt":"2020-02-03T19:53:59","guid":{"rendered":"http:\/\/radio-mix.fr\/?page_id=202"},"modified":"2020-02-03T21:02:08","modified_gmt":"2020-02-03T20:02:08","slug":"legales","status":"publish","type":"page","link":"http:\/\/radio-mix.fr\/index.php\/legales\/","title":{"rendered":"L\u00e9gales"},"content":{"rendered":"<p>Mentions l\u00e9gales<br \/>\nEn vigueur au 01\/01\/2020<\/p>\n<p>Conform\u00e9ment aux dispositions des Articles 6-III et 19 de la Loi n\u00b02004-575 du 21 juin 2004 pour la Confiance dans l\u2019\u00e9conomie num\u00e9rique, dite L.C.E.N., il est port\u00e9 \u00e0 la connaissance des Utilisateurs du site http:\/\/radio-mix.fr\/ les pr\u00e9sentes mentions l\u00e9gales.<br \/>\nLa connexion et la navigation sur le site\u00a0 http:\/\/radio-mix.fr\/ par l\u2019Utilisateur implique acceptation int\u00e9grale et sans r\u00e9serve des pr\u00e9sentes mentions l\u00e9gales.<br \/>\nCes derni\u00e8res sont accessibles sur le site \u00e0 la rubrique \u00ab Mentions l\u00e9gales \u00bb.<br \/>\nARTICLE 1 : L\u2019\u00e9diteur<br \/>\nL\u2019\u00e9dition et la direction de la publication du site http:\/\/radio-mix.fr\/ est assur\u00e9e par DJFab.<\/p>\n<p>ARTICLE 2 : L\u2019h\u00e9bergeur<br \/>\nL&#8217;h\u00e9bergeur du site http:\/\/radio-mix.fr\/ est la Soci\u00e9t\u00e9 OVH ,<\/p>\n<p>dont le si\u00e8ge social est situ\u00e9 au 2 rue Kellermann 59100 Roubaix<\/p>\n<p>&nbsp;<\/p>\n<p>ARTICLE 3 : Acc\u00e8s au site<br \/>\nLe site est accessible par tout endroit, 7j\/7, 24h\/24 sauf cas de force majeure, interruption programm\u00e9e ou non et pouvant d\u00e9coulant d\u2019une n\u00e9cessit\u00e9 de maintenance.<br \/>\nEn cas de modification, interruption ou suspension des services le site http:\/\/radio-mix.fr\/ ne saurait \u00eatre tenu responsable.<\/p>\n<p>&nbsp;<\/p>\n<p>ARTICLE 4 : Collecte des donn\u00e9es<br \/>\nLe site assure \u00e0 l&#8217;Utilisateur une collecte et un traitement d&#8217;informations personnelles dans le respect de la vie priv\u00e9e conform\u00e9ment \u00e0 la loi n\u00b078-17 du 6 janvier 1978 relative \u00e0 l&#8217;informatique, aux fichiers et aux libert\u00e9s.<\/p>\n<p>En vertu de la loi Informatique et Libert\u00e9s, en date du 6 janvier 1978, l&#8217;Utilisateur dispose d&#8217;un droit d&#8217;acc\u00e8s, de rectification, de suppression et d&#8217;opposition de ses donn\u00e9es personnelles. L&#8217;Utilisateur exerce ce droit :<br \/>\n\u00b7 via un formulaire de contact ;<\/p>\n<p>ARTICLE 5 : Cookies<br \/>\nL\u2019Utilisateur est inform\u00e9 que lors de ses visites sur le site, un cookie peut s\u2019installer automatiquement sur son logiciel de navigation.<br \/>\nEn naviguant sur le site, il les accepte.<br \/>\nUn cookie est un \u00e9l\u00e9ment qui ne permet pas d\u2019identifier l\u2019Utilisateur mais sert \u00e0 enregistrer des informations relatives \u00e0 la navigation de celui-ci sur le site Internet. L\u2019Utilisateur pourra d\u00e9sactiver ce cookie par l\u2019interm\u00e9diaire des param\u00e8tres figurant au sein de son logiciel de navigation.<\/p>\n<p>ARTICLE 6 : Propri\u00e9t\u00e9 intellectuelle<br \/>\nToute utilisation, reproduction, diffusion, commercialisation, modification de toute ou partie du site http:\/\/radio-mix.fr\/, sans autorisation de l\u2019Editeur est prohib\u00e9e et pourra entra\u00een\u00e9e des actions et poursuites judiciaires telles que notamment pr\u00e9vues par le Code de la propri\u00e9t\u00e9 intellectuelle et le Code civil.<\/p>\n<p>&nbsp;<\/p>\n","protected":false},"excerpt":{"rendered":"<p>Mentions l\u00e9gales En vigueur au 01\/01\/2020 Conform\u00e9ment aux dispositions des Articles 6-III et 19 de la Loi n\u00b02004-575 du 21 juin 2004 pour la Confiance dans l\u2019\u00e9conomie num\u00e9rique, dite L.C.E.N., il est port\u00e9 \u00e0 la connaissance des Utilisateurs du site http:\/\/radio-mix.fr\/ les pr\u00e9sentes mentions l\u00e9gales. La connexion et la navigation sur le site\u00a0 http:\/\/radio-mix.fr\/ par &hellip; <\/p>\n<p class=\"link-more\"><a href=\"http:\/\/radio-mix.fr\/index.php\/legales\/\" class=\"more-link\">Continuer la lecture<span class=\"screen-reader-text\"> de &laquo;&nbsp;L\u00e9gales&nbsp;&raquo;<\/span><\/a><\/p>\n","protected":false},"author":1,"featured_media":0,"parent":0,"menu_order":0,"comment_status":"closed","ping_status":"closed","template":"","meta":{"footnotes":""},"yoast_head":"<!-- This site is optimized with the Yoast SEO plugin v19.12 - https:\/\/yoast.com\/wordpress\/plugins\/seo\/ -->\n<title>L\u00e9gales - Radio-Mix<\/title>\n<meta name=\"robots\" content=\"index, follow, max-snippet:-1, max-image-preview:large, max-video-preview:-1\" \/>\n<link rel=\"canonical\" href=\"https:\/\/radio-mix.fr\/index.php\/legales\/\" \/>\n<meta property=\"og:locale\" content=\"fr_FR\" \/>\n<meta property=\"og:type\" content=\"article\" \/>\n<meta property=\"og:title\" content=\"L\u00e9gales - Radio-Mix\" \/>\n<meta property=\"og:description\" content=\"Mentions l\u00e9gales En vigueur au 01\/01\/2020 Conform\u00e9ment aux dispositions des Articles 6-III et 19 de la Loi n\u00b02004-575 du 21 juin 2004 pour la Confiance dans l\u2019\u00e9conomie num\u00e9rique, dite L.C.E.N., il est port\u00e9 \u00e0 la connaissance des Utilisateurs du site http:\/\/radio-mix.fr\/ les pr\u00e9sentes mentions l\u00e9gales. La connexion et la navigation sur le site\u00a0 http:\/\/radio-mix.fr\/ par &hellip; Continuer la lecture de &laquo;&nbsp;L\u00e9gales&nbsp;&raquo;\" \/>\n<meta property=\"og:url\" content=\"https:\/\/radio-mix.fr\/index.php\/legales\/\" \/>\n<meta property=\"og:site_name\" content=\"Radio-Mix\" \/>\n<meta property=\"article:modified_time\" content=\"2020-02-03T20:02:08+00:00\" \/>\n<meta name=\"twitter:card\" content=\"summary_large_image\" \/>\n<meta name=\"twitter:label1\" content=\"Dur\u00e9e de lecture estim\u00e9e\" \/>\n\t<meta name=\"twitter:data1\" content=\"2 minutes\" \/>\n<script type=\"application\/ld+json\" class=\"yoast-schema-graph\">{\"@context\":\"https:\/\/schema.org\",\"@graph\":[{\"@type\":\"WebPage\",\"@id\":\"https:\/\/radio-mix.fr\/index.php\/legales\/\",\"url\":\"https:\/\/radio-mix.fr\/index.php\/legales\/\",\"name\":\"L\u00e9gales - Radio-Mix\",\"isPartOf\":{\"@id\":\"https:\/\/radio-mix.fr\/#website\"},\"datePublished\":\"2020-02-03T19:53:59+00:00\",\"dateModified\":\"2020-02-03T20:02:08+00:00\",\"breadcrumb\":{\"@id\":\"https:\/\/radio-mix.fr\/index.php\/legales\/#breadcrumb\"},\"inLanguage\":\"fr-FR\",\"potentialAction\":[{\"@type\":\"ReadAction\",\"target\":[\"https:\/\/radio-mix.fr\/index.php\/legales\/\"]}]},{\"@type\":\"BreadcrumbList\",\"@id\":\"https:\/\/radio-mix.fr\/index.php\/legales\/#breadcrumb\",\"itemListElement\":[{\"@type\":\"ListItem\",\"position\":1,\"name\":\"Accueil\",\"item\":\"https:\/\/radio-mix.fr\/\"},{\"@type\":\"ListItem\",\"position\":2,\"name\":\"L\u00e9gales\"}]},{\"@type\":\"WebSite\",\"@id\":\"https:\/\/radio-mix.fr\/#website\",\"url\":\"https:\/\/radio-mix.fr\/\",\"name\":\"Radio-Mix\",\"description\":\"La radio sans limites\",\"publisher\":{\"@id\":\"https:\/\/radio-mix.fr\/#organization\"},\"potentialAction\":[{\"@type\":\"SearchAction\",\"target\":{\"@type\":\"EntryPoint\",\"urlTemplate\":\"https:\/\/radio-mix.fr\/?s={search_term_string}\"},\"query-input\":\"required name=search_term_string\"}],\"inLanguage\":\"fr-FR\"},{\"@type\":\"Organization\",\"@id\":\"https:\/\/radio-mix.fr\/#organization\",\"name\":\"Radio-Mix\",\"url\":\"https:\/\/radio-mix.fr\/\",\"logo\":{\"@type\":\"ImageObject\",\"inLanguage\":\"fr-FR\",\"@id\":\"https:\/\/radio-mix.fr\/#\/schema\/logo\/image\/\",\"url\":\"http:\/\/radio-mix.fr\/wp-content\/uploads\/2018\/08\/cropped-logo2.png\",\"contentUrl\":\"http:\/\/radio-mix.fr\/wp-content\/uploads\/2018\/08\/cropped-logo2.png\",\"width\":250,\"height\":250,\"caption\":\"Radio-Mix\"},\"image\":{\"@id\":\"https:\/\/radio-mix.fr\/#\/schema\/logo\/image\/\"}}]}<\/script>\n<!-- \/ Yoast SEO plugin. -->","yoast_head_json":{"title":"L\u00e9gales - Radio-Mix","robots":{"index":"index","follow":"follow","max-snippet":"max-snippet:-1","max-image-preview":"max-image-preview:large","max-video-preview":"max-video-preview:-1"},"canonical":"https:\/\/radio-mix.fr\/index.php\/legales\/","og_locale":"fr_FR","og_type":"article","og_title":"L\u00e9gales - Radio-Mix","og_description":"Mentions l\u00e9gales En vigueur au 01\/01\/2020 Conform\u00e9ment aux dispositions des Articles 6-III et 19 de la Loi n\u00b02004-575 du 21 juin 2004 pour la Confiance dans l\u2019\u00e9conomie num\u00e9rique, dite L.C.E.N., il est port\u00e9 \u00e0 la connaissance des Utilisateurs du site http:\/\/radio-mix.fr\/ les pr\u00e9sentes mentions l\u00e9gales. La connexion et la navigation sur le site\u00a0 http:\/\/radio-mix.fr\/ par &hellip; Continuer la lecture de &laquo;&nbsp;L\u00e9gales&nbsp;&raquo;","og_url":"https:\/\/radio-mix.fr\/index.php\/legales\/","og_site_name":"Radio-Mix","article_modified_time":"2020-02-03T20:02:08+00:00","twitter_card":"summary_large_image","twitter_misc":{"Dur\u00e9e de lecture estim\u00e9e":"2 minutes"},"schema":{"@context":"https:\/\/schema.org","@graph":[{"@type":"WebPage","@id":"https:\/\/radio-mix.fr\/index.php\/legales\/","url":"https:\/\/radio-mix.fr\/index.php\/legales\/","name":"L\u00e9gales - Radio-Mix","isPartOf":{"@id":"https:\/\/radio-mix.fr\/#website"},"datePublished":"2020-02-03T19:53:59+00:00","dateModified":"2020-02-03T20:02:08+00:00","breadcrumb":{"@id":"https:\/\/radio-mix.fr\/index.php\/legales\/#breadcrumb"},"inLanguage":"fr-FR","potentialAction":[{"@type":"ReadAction","target":["https:\/\/radio-mix.fr\/index.php\/legales\/"]}]},{"@type":"BreadcrumbList","@id":"https:\/\/radio-mix.fr\/index.php\/legales\/#breadcrumb","itemListElement":[{"@type":"ListItem","position":1,"name":"Accueil","item":"https:\/\/radio-mix.fr\/"},{"@type":"ListItem","position":2,"name":"L\u00e9gales"}]},{"@type":"WebSite","@id":"https:\/\/radio-mix.fr\/#website","url":"https:\/\/radio-mix.fr\/","name":"Radio-Mix","description":"La radio sans limites","publisher":{"@id":"https:\/\/radio-mix.fr\/#organization"},"potentialAction":[{"@type":"SearchAction","target":{"@type":"EntryPoint","urlTemplate":"https:\/\/radio-mix.fr\/?s={search_term_string}"},"query-input":"required name=search_term_string"}],"inLanguage":"fr-FR"},{"@type":"Organization","@id":"https:\/\/radio-mix.fr\/#organization","name":"Radio-Mix","url":"https:\/\/radio-mix.fr\/","logo":{"@type":"ImageObject","inLanguage":"fr-FR","@id":"https:\/\/radio-mix.fr\/#\/schema\/logo\/image\/","url":"http:\/\/radio-mix.fr\/wp-content\/uploads\/2018\/08\/cropped-logo2.png","contentUrl":"http:\/\/radio-mix.fr\/wp-content\/uploads\/2018\/08\/cropped-logo2.png","width":250,"height":250,"caption":"Radio-Mix"},"image":{"@id":"https:\/\/radio-mix.fr\/#\/schema\/logo\/image\/"}}]}},"_links":{"self":[{"href":"http:\/\/radio-mix.fr\/index.php\/wp-json\/wp\/v2\/pages\/202"}],"collection":[{"href":"http:\/\/radio-mix.fr\/index.php\/wp-json\/wp\/v2\/pages"}],"about":[{"href":"http:\/\/radio-mix.fr\/index.php\/wp-json\/wp\/v2\/types\/page"}],"author":[{"embeddable":true,"href":"http:\/\/radio-mix.fr\/index.php\/wp-json\/wp\/v2\/users\/1"}],"replies":[{"embeddable":true,"href":"http:\/\/radio-mix.fr\/index.php\/wp-json\/wp\/v2\/comments?post=202"}],"version-history":[{"count":7,"href":"http:\/\/radio-mix.fr\/index.php\/wp-json\/wp\/v2\/pages\/202\/revisions"}],"predecessor-version":[{"id":214,"href":"http:\/\/radio-mix.fr\/index.php\/wp-json\/wp\/v2\/pages\/202\/revisions\/214"}],"wp:attachment":[{"href":"http:\/\/radio-mix.fr\/index.php\/wp-json\/wp\/v2\/media?parent=202"}],"curies":[{"name":"wp","href":"https:\/\/api.w.org\/{rel}","templated":true}]}}